-271
Convert -10 (base 12) to base 11.
-11
Convert 9 (base 13) to base 6.
13
1 (base 7) to base 2
1
What is -11 (base 9) in base 2?
-1010
0 (base 4) to base 6
0
What is 4 (base 9) in base 6?
4
-3d (base 15) to base 2
-111010
Convert -101010 (base 2) to base 15.
-2c
What is -3 (base 4) in base 7?
-3
What is 17 (base 11) in base 6?
30
What is 223 (base 5) in base 16?
3f
Convert 18 (base 15) to base 7.
32
-2000 (base 3) to base 4
-312
17 (base 16) to base 13
1a
Convert -42 (base 15) to base 3.
-2022
Convert 19 (base 10) to base 9.
21
What is -3a (base 11) in base 12?
-37
What is 3101 (base 4) in base 14?
10d
What is -2 (base 12) in base 11?
-2
5 (base 7) to base 12
5
Convert -9 (base 10) to base 2.
-1001
Convert -2 (base 11) to base 15.
-2
20002 (base 3) to base 12
118
-7 (base 8) to base 11
-7
Convert 1 (base 7) to base 6.
1
1 (base 7) to base 2
1
0 (base 16) to base 7
0
-13 (base 11) to base 13
-11
What is 5 (base 15) in base 6?
5
What is -24 (base 5) in base 11?
-13
2 (base 15) to base 14
2
What is -1 (base 13) in base 8?
-1
Convert -24 (base 9) to base 16.
-16
What is -3 (base 7) in base 10?
-3
What is -101010 (base 2) in base 7?
-60
1 (base 4) to base 14
1
What is -8 (base 12) in base 8?
-10
Convert 1 (base 5) to base 9.
1
-9 (base 11) to base 7
-12
Convert 14 (base 15) to base 10.
19
-8 (base 10) to base 14
-8
0 (base 14) to base 15
0
-2 (base 3) to base 10
-2
What is 100 (base 7) in base 15?
34
43 (base 6) to base 16
1b
What is 2 (base 14) in base 4?
2
What is 140 (base 8) in base 15?
66
Convert d (base 16) to base 13.
10
Convert 24 (base 5) to base 9.
15
What is 12121 (base 3) in base 11?
128
Convert 11 (base 3) to base 13.
4
What is 0 (base 4) in base 11?
0
Convert -27 (base 12) to base 3.
-1011
-10111 (base 2) to base 14
-19
What is 12 (base 5) in base 7?
10
What is 74 (base 9) in base 6?
151
Convert 11b (base 15) to base 6.
1055
What is 11 (base 9) in base 3?
101
Convert 10 (base 3) to base 13.
3
43 (base 5) to base 7
32
Convert 31 (base 15) to base 10.
46
What is 1 (base 11) in base 5?
1
1 (base 6) to base 11
1
-1 (base 16) to base 12
-1
-32 (base 8) to base 7
-35
21 (base 7) to base 5
30
-58 (base 9) to base 5
-203
4 (base 5) to base 9
4
What is -2 (base 7) in base 12?
-2
Convert 2200 (base 3) to base 7.
132
Convert 0 (base 8) to base 3.
0
-11210 (base 3) to base 8
-201
What is 54 (base 6) in base 9?
37
Convert -2 (base 4) to base 14.
-2
What is 0 (base 16) in base 11?
0
Convert 1413 (base 5) to base 4.
3221
What is -2 (base 7) in base 4?
-2
What is 32 (base 13) in base 8?
51
What is -10000100 (base 2) in base 8?
-204
What is 10 (base 5) in base 11?
5
2 (base 6) to base 15
2
Convert e (base 15) to base 5.
24
-11 (base 2) to base 4
-3
-134 (base 5) to base 7
-62
-8 (base 12) to base 8
-10
Convert 8 (base 9) to base 10.
8
Convert 188 (base 10) to base 16.
bc
Convert -3 (base 12) to base 3.
-10
What is 160 (base 14) in base 11?
235
What is -1010100 (base 2) in base 13?
-66
Convert -81 (base 14) to base 7.
-221
What is -141 (base 7) in base 2?
-1001110
-101 (base 4) to base 15
-12
-1001 (base 3) to base 14
-20
21 (base 14) to base 4
131
Convert -10 (base 6) to base 2.
-110
What is -1101 (base 2) in base 16?
-d
Convert -63 (base 7) to base 11.
-41
Convert -10110101 (base 2) to base 8.
-265
What is -5 (base 16) in base 13?
-5
What is -32 (base 4) in base 8?
-16
-101 (base 10) to base 15
-6b
What is 45 (base 11) in base 13?
3a
Convert 4 (base 5) to base 14.
4
Convert 22 (base 6) to base 7.
20
-434 (base 6) to base 9
-204
What is 80 (base 12) in base 9?
116
Convert 11 (base 5) to base 3.
20
-62 (base 9) to base 6
-132
Convert -1 (base 5) to base 16.
-1
What is -423 (base 6) in base 3?
-12220
Convert 3 (base 11) to base 16.
3
What is -10 (base 2) in base 3?
-2
What is 424 (base 5) in base 15?
79
Convert 25 (base 8) to base 14.
17
-45 (base 9) to base 8
-51
-1031 (base 5) to base 8
-215
Convert 110001 (base 2) to base 5.
144
Convert 23 (base 6) to base 2.
1111
What is 3132 (base 4) in base 12?
166
What is -87 (base 11) in base 6?
-235
Convert -23 (base 6) to base 4.
-33
-3 (base 4) to base 2
-11
Convert -c (base 15) to base 8.
-14
Convert -1 (base 15) to base 2.
-1
-3 (base 14) to base 4
-3
15 (base 10) to base 5
30
Convert -5 (base 7) to base 6.
-5
Convert 35 (base 16) to base 5.
203
What is 2 (base 5) in base 11?
2
Convert -21222 (base 3) to base 15.
-e5
Convert -2 (base 15) to base 11.
-2
2 (base 10) to base 16
2
Convert -5 (base 13) to base 11.
-5
What is -16 (base 13) in base 2?
-10011
What is 13 (base 4) in base 2?
111
Convert -12 (base 13) to base 5.
-30
5 (base 14) to base 3
12
24 (base 6) to base 9
17
4 (base 10) to base 6
4
Convert 2 (base 11) to base 3.
2
20201 (base 3) to base 7
346
-2 (base 4) to base 7
-2
What is -10 (base 6) in base 3?
-20
-1 (base 13) to base 10
-1
What is -13 (base 8) in base 16?
-b
11 (base 5) to base 10
6
Convert 89 (base 13) to base 7.
221
Convert -4f (base 16) to base 3.
-2221
Convert -2 (base 16) to base 2.
-10
Convert -111 (base 2) to base 4.
-13
Convert 1a (base 15) to base 16.
19
Convert -40 (base 16) to base 2.
-1000000
-2 (base 11) to base 9
-2
What is 2 (base 5) in base 14?
2
4 (base 16) to base 2
100
Convert 3 (base 8) to base 3.
10
Convert -5b (base 12) to base 14.
-51
-1 (base 16) to base 3
-1
What is 1 (base 15) in base 13?
1
-10 (base 5) to base 13
-5
-13 (base 5) to base 3
-22
-146 (base 11) to base 3
-20100
34 (base 9) to base 6
51
1110100 (base 2) to base 13
8c
What is 1101 (base 2) in base 16?
d
Convert 11 (base 10) to base 4.
23
What is -14 (base 7) in base 3?
-102
What is 20 (base 4) in base 5?
13
25 (base 9) to base 13
1a
Convert -4 (base 8) to base 12.
-4
What is -2 (base 16) in base 8?
-2
Convert 16 (base 9) to base 12.
13
Convert 151 (base 9) to base 14.
91
Convert 1022 (base 3) to base 7.
50
7 (base 13) to base 6
11
What is -3 (base 16) in base 7?
-3
What is -10 (base 4) in base 13?
-4
0 (base 4) to base 14
0
48 (base 15) to base 13
53
-111 (base 4) to base 3
-210
1 (base 15) to base 11
1
What is -14 (base 5) in base 12?
-9
Convert 1111 (base 2) to base 13.
12
Convert 100 (base 3) to base 11.
9
Convert -78 (base 13) to base 11.
-90
Convert 5 (base 10) to base 12.
5
Convert -2 (base 16) to base 9.
-2
What is 6 (base 12) in base 8?
6
8 (base 12) to base 10
8
What is 38 (base 15) in base 3?
1222
13 (base 16) to base 8
23
What is 2221 (base 3) in base 5?
304
What is -12 (base 5) in base 6?
-11
Convert 0 (base 8) to base 9.
0
What is -144 (base 9) in base 6?
-321
What is 2 (base 10) in base 3?
2
Convert -5 (base 9) to base 14.
-5
What is -5 (base 13) in base 11?
-5
91 (base 14) to base 4
1333
2101 (base 3) to base 14
48
8 (base 12) to base 9
8
39 (base 11) to base 4
222
What is -175 (base 13) in base 10?
-265
Convert -e (base 16) to base 15.
-e
-138 (base 14) to base 9
-303
20a (base 14) to base 7
1113
33 (base 15) to base 13
39
Convert -1 (base 16) to base 2.
-1
What is -1 (base 14) in base 12?
-1
What is 1011 (base 2) in base 7?
14
Convert 11 (base 4) to base 3.
12
Convert -4 (base 9) to base 13.
-4
What is -5 (base 13) in base 16?
-5
What is -212 (base 5) in base 8?
-71
What is -1 (base 15) in base 6?
-1
Convert 32 (base 12) to base 11.
35
What is 103 (base 4) in base 3?
201
Convert 4 (base 10) to base 5.
4
What is -233 (base 5) in base 7?
-125
0 (base 4) to base 14
0
What is 14 (base 14) in base 8?
22
Convert -3 (base 13) to base 7.
-3
Convert -1014 (base 5) to base 14.
-98
434 (base 5) to base 11
a9
-8 (base 13) to base 3
-22
Convert -2 (base 15) to base 8.
-2
-124 (base 11) to base 3
-12110
Convert 143 (base 11) to base 12.
120
Convert 2 (base 7) to base 14.
2
What is -1 (base 16) in base 14?
-1
-13 (base 5) to base 4
-20
Convert 2 (base 15) to base 8.
2
What is -12 (base 9) in base 8?
-13
Convert -33 (base 15) to base 13.
-39
Convert 1b (base 13) to base 5.
44
Convert 124 (base 6) to base 16.
34
Convert 58 (base 12) to base 10.
68
1 (base 6) to base 5
1
-2 (base 13) to base 12
-2
10103 (base 4) to base 16
113
Convert 21 (base 6) to base 15.
d
0 (base 8) to base 7
0
0 (base 16) to base 2
0
Convert 6 (base 11) to base 10.
6
What is -111121 (base 3) in base 7?
-1033
Convert -10 (base 12) to base 4.
-30
-320 (base 7) to base 9
-188
-44 (base 7) to base 12
-28
Convert -1 (base 15) 